 of t?
8
Let t = -7 + 10. Let d = -1 + t. Suppose 5*l - d*l = 66. What is the units digit of l?
2
Let w be (-6)/((2/(-4))/1). Let o be (-4)/(-10)*(-2 + w). Suppose n - 45 = -o*n. What is the units digit of n?
9
Suppose 28 = 3*y + 2*i, -3*y - 3*i = -17 - 10. What is the units digit of (-2)/10 - (-62)/y?
6
Suppose 5*n - 777 = -y, -2*y + 10 = 3*y. What is the units digit of n?
5
Let x be -3 - -1 - (-16)/1. What is the tens digit of x + (-1 + 2 - 2)?
1
Let x be -5 - (-1 - 0) - -2. What is the units digit of (-3 + 0)/(x/6)?
9
Suppose 2 = -4*j + 10. Suppose -y + 3*m = 6*m - 2, -j*y - m = -19. Let o = y - 4. What is the units digit of o?
7
Suppose -4*m - 9*d + 4*d = -463, -12 = -4*d. What is the hundreds digit of m?
1
Suppose -4*i = -9*i + 75. What is the tens digit of i?
1
Suppose 2*s = 3*c + 2, 5*c - 2*c = -4*s + 22. Suppose s*i + 27 = 5*w, -4*i = -2*w + i + 21. What is the units digit of w?
3
Let d = 5 + -6. What is the units digit of d*(-5)/(0 - -1)?
5
Let u(z) = -3*z - 1. Suppose 8 = -4*m + p, 0 = -4*m - 4*p + 4 + 8. Let n be u(m). Suppose i = -0 + n. What is the units digit of i?
2
Suppose 2*x + 3*h = 51, 2*x - 26 = -0*h + 2*h. What is the tens digit of x?
1
Let v = 0 - -2. Let d(n) = -3*n - n**v + 3 + 3*n**2 + 0*n**3 + n**3. What is the units digit of d(-3)?
3
Let w(f) = -30*f**2 + 3*f - 4. Let b be w(3). What is the tens digit of b/(-15) - (-4)/(-6)?
1
Let m(b) = -47*b + 7. What is the units digit of m(-5)?
2
Let o(v) = 0 - 3*v + 1 + 2*v - v. What is the units digit of o(-4)?
9
Let s(u) = 11*u + 30. What is the hundreds digit of s(23)?
2
Suppose -k - 6 = -4*k + 2*v, 5*k - 5 = 5*v. Suppose -s - k*s + 40 = 2*g, 0 = -3*g - 15. Suppose h - 4*o = 3*h + 4, -h = -o - s. What is the units digit of h?
6
Let v be 1*-3 - (-9 + 6). Suppose v = -d + 4*d - 45. What is the units digit of d?
5
Let c be 1*8/(4/2). Let k be 10/c*(-36)/(-10). Let a = -5 + k. What is the units digit of a?
4
Suppose -8*s = -6*s - 104. What is the tens digit of s?
5
Suppose 8*l - 640 = 120. What is the units digit of l?
5
Let y = 74 - 32. What is the tens digit of y?
4
Suppose -5*f = q + 1, -f - 1 = 4*q - 3*q. Suppose h = -f*h + 4. What is the units digit of h?
4
Let g = 20 + -12. What is the units digit of g?
8
Suppose -4*v + 5 + 3 = -4*o, 0 = -o - 4*v + 23. What is the units digit of o?
3
Let o = -62 + 132. Suppose -6*z + o = -z. What is the tens digit of z?
1
Suppose 2*t - 5 - 97 = 0. What is the units digit of t?
1
Suppose -6 = 4*v - 22. Suppose j + 8 = v*j - y, -5*j + 3*y = -16. Let f = 13 - j. What is the units digit of f?
1
Suppose 5*r + 12 + 38 = 0. Let s = 17 + r. What is the units digit of s?
7
Suppose 3*s = -3*f + 102, 4*s - 136 = -2*f - 3*f. What is the tens digit of s?
3
Let h(m) be the second derivative of m**3 + 3*m**2 - 6*m. What is the tens digit of h(7)?
4
Let d = 0 + -2. Suppose -4 = 3*q - 7. Let j = q - d. What is the units digit of j?
3
Suppose -3*u - 9 = -0*u, 0 = -4*b - 4*u - 20. Let q(y) = -11*y - 1. What is the units digit of q(b)?
1
Let t = 21 + -16. What is the tens digit of t/(-2)*378/(-35)?
2
Suppose -2*s + 6 = -0. What is the units digit of s?
3
Suppose -15 = 3*n - 6*n. Let p = 4 - n. What is the units digit of 3/(-3) - (-7 + p)?
7
Let z(k) = -8*k - 5 - 5*k - k + 3*k**2. What is the tens digit of z(6)?
1
Let h(f) = -2*f**3. What is the units digit of h(-3)?
4
What is the tens digit of 3*(-1)/6 + (-1964)/(-8)?
4
What is the tens digit of (712/(-16))/(3/12*-1)?
7
Suppose -5*q + 937 = 3*j, -q - j + 187 + 2 = 0. What is the units digit of q?
5
What is the units digit of ((210/9)/7)/((-2)/(-3))?
5
Suppose 0 = 2*s - 86 - 34. What is the tens digit of s?
6
Let n(y) = 20*y - 27. What is the tens digit of n(13)?
3
Let j(w) be the third derivative of w**5/30 - w**3/6 + w**2. Let c be j(1). What is the units digit of 3 - 0 - (-1)/c?
4
Let q = -323 + 530. What is the units digit of q?
7
Suppose 0 = -4*w + 17 + 11. What is the units digit of w?
7
Suppose m + 0 = 3, -3*g - m - 15 = 0. Let k = g - -9. Suppose b = 4*p - 0*b - 12, 0 = p + 5*b - k. What is the units digit of p?
3
Let o = 10 - 8. Suppose -3*b - o*b = 5. What is the units digit of b/(-3)*(18 + -3)?
5
Let t = -80 + 122. Suppose 8 = -4*f, -4*j - 3*f = -2*f - t. Let d = j + -5. What is the units digit of d?
6
Let a(v) = -v + 1. Suppose 7*u - 16 = 3*u, 3*t - 4*u + 37 = 0. What is the units digit of a(t)?
8
Let i(z) = 9*z**2 - 2*z - 1. Let d be i(-2). Suppose d = 3*k - 6. What is the tens digit of k?
1
Suppose -v + 87 = -52. What is the tens digit of v?
3
What is the units digit of (-1 - 24/(-20)) + 34/5?
7
What is the tens digit of (-9)/(-18) - (-51)/2?
2
Let w(y) = 4*y**2 - 3*y + 3. Let p be w(-3). Let k(g) = -g**2 + 4*g + 1. Let f be k(3). Suppose 2*u = f*x - 2*u - p, x + u = 4. What is the units digit of x?
8
Let h(l) = 7*l - 21. Let q(v) = 4*v - 11. Let d(b) = -3*h(b) + 5*q(b). What is the units digit of d(-9)?
7
Let w(m) = m + 15. Let j(a) = 1. Let s(l) = -6*j(l) + w(l). Let r be s(-4). Suppose -31 = -4*z - r*v, -z + 15 = -v + 5. What is the units digit of z?
9
Let v = -10 + 64. What is the tens digit of v?
5
Let v be 33 - ((1 - 3) + 0). Let u = v - 23. What is the tens digit of u?
1
Let t(v) = -3*v - 1 - 1 + 4*v. Let s be t(9). What is the units digit of (s - 8) + 1 + 19?
9
Suppose 5*i - 5*d - 10 = 40, -d = 5*i - 20. What is the units digit of (7 + -1)*i/10?
3
Suppose -4*r = 3*x - 17, -2*x = -4*r + 3 - 1. What is the units digit of r?
2
Suppose 2*o - x = 3*o + 74, -2*o - 144 = 3*x. Let p = 113 + o. What is the units digit of p?
5
Let z(h) = 5*h**2 + 26*h - 4. Let o(w) = w**2 + 5*w - 1. Let g(f) = -11*o(f) + 2*z(f). What is the units digit of g(-3)?
3
Let s be (3/3)/((-3)/6). What is the tens digit of (2 + -31 + -1)/s?
1
Suppose 5*m = -5, 2*v = 4*m - 3 + 31. Suppose h + v = 4*h. Let q = h + 4. What is the units digit of q?
8
Let r(t) = 2*t - 5. Let v be r(4). Suppose 2 = -4*o + 14. Suppose -v*h - o = -4*h. What is the units digit of h?
3
Suppose -94 = -k + 4*g, -5*k + 595 = g + 62. What is the units digit of k?
6
Let h(b) = b**2 + b + 2. Let t = 2 + 1. What is the tens digit of h(t)?
1
What is the hundreds digit of 1956/9 - 3/9?
2
Let y be 8/3*(-138)/(-4). What is the units digit of 6/(-27) - y/(-9)?
0
Let a = 486 + -256. What is the tens digit of a?
3
Suppose -s - s + 14 = 0. Suppose 2*j + s = 1. What is the units digit of -7*(1*j + 2)?
7
Let l(h) be the second derivative of h**4/12 - h**3/3 - h**2 + 2*h. Suppose -3*p = -10 - 2. What is the units digit of l(p)?
6
Let l = 65 + -26. What is the units digit of l?
9
Let f = -8 + 6. What is the units digit of (-165)/(-20) - f/(-8)?
8
Suppose c - 4*w - 16 = 0, 2*w = 5*c - 2*w - 16. Let k = 4 + c. What is the units digit of k?
4
Let q(h) be the third derivative of h**6/120 + h**5/12 + h**4/6 + h**3/6 - 2*h**2. Let r be q(-4). What is the tens digit of (-112)/(-10) + r/(-5)?
1
Suppose -5*y - 15 + 0 = 0. What is the units digit of 1/y - (-66)/9?
7
What is the units digit of 25/2 + (-2)/(-4)?
3
Let c = -43 + 19. What is the units digit of c/(-30)*5/2?
2
What is the tens digit of (-4)/((-364)/(-124) + -4 + 1)?
6
Let o = -24 + 3. What is the tens digit of (-18)/(-6) + (-1 - o)?
2
Let g = -70 - -114. What is the tens digit of g?
4
Suppose -180 = -5*c + 3*c. Let s = c - 44. Suppose 3*v + 13 = s. What is the units digit of v?
1
Suppose -l - 14 = -47. What is the tens digit of l?
3
Let i = 305 + -199. What is the hundreds digit of i?
1
Let k(v) = 2*v - v**2 - 4*v**2 + 2*v + v**3. Let h be k(3). What is the units digit of (2/h)/((-2)/54)?
9
Let t(n) = 2*n - 8. What is the units digit of t(7)?
6
What is the tens digit of 8/((-16)/12 - -2)?
1
Suppose 5*v = 7*v. Suppose 16*m - 13*m - 108 = v. What is the units digit of m?
6
Suppose -6 - 8 = -d. What is the tens digit of d?
1
Let t(d) = d + 26. What is the tens digit of t(-5)?
2
Suppose -69 = -4*o + 115. What is the tens digit of o?
4
Suppose 2*q - 5*p - 64 = 0, -5*p - 1 = 2*q - 25. Let u = q - 13. What is the units digit of u?
9
Suppose 0 = -6*n + 1730 + 88. What is the tens digit of n?
0
Suppose 5*j + 1 = 26. Let r(u) = -u**2 - u**2 - 3*u + 3*u**2 - 4. What is the units digit of r(j)?
6
Let o(z) be the third derivative of z**5/30 - 7*z**4/24 + z**3 - z**2. Let w = 49 + -45. What is the tens digit of o(w)?
1
Suppose 